{"id":679,"date":"2025-05-19T18:38:16","date_gmt":"2025-05-19T22:38:16","guid":{"rendered":"https:\/\/lunacoffee.cl\/tienda\/?post_type=product&#038;p=679"},"modified":"2025-05-26T20:17:25","modified_gmt":"2025-05-27T00:17:25","slug":"mexico-descafeinado","status":"publish","type":"product","link":"https:\/\/lunacoffee.cl\/tienda\/productos\/mexico-descafeinado\/","title":{"rendered":"M\u00e9xico descafeinado"},"content":{"rendered":"<ul>\n<li>Desde M\u00e9xico, regi\u00f3n de Diversas.<\/li>\n<\/ul>\n<ul>\n<li>Proceso Mountain Water<\/li>\n<\/ul>\n<p><strong>Notas:<\/strong>\u00a0Panela, Chocolate, Naranja<\/p>\n<p><strong>Variedades:\u00a0<\/strong>Blend de variedades<\/p>\n","protected":false},"excerpt":{"rendered":"<p>Caf\u00e9 de origen M\u00e9xico, regi\u00f3n de Diversas, procesado mediante m\u00e9todo Mountain Water. Este blend de variedades ofrece una taza con notas dulces a panela, suaves matices de chocolate y un toque c\u00edtrico de naranja.<\/p>\n","protected":false},"featured_media":680,"template":"","meta":[],"product_brand":[],"product_cat":[24],"product_tag":[],"class_list":{"0":"post-679","1":"product","2":"type-product","3":"status-publish","4":"has-post-thumbnail","6":"product_cat-cafe","8":"first","9":"instock","10":"sale","11":"taxable","12":"shipping-taxable","13":"purchasable","14":"product-type-variable"},"_links":{"self":[{"href":"https:\/\/lunacoffee.cl\/tienda\/wp-json\/wp\/v2\/product\/679","targetHints":{"allow":["GET"]}}],"collection":[{"href":"https:\/\/lunacoffee.cl\/tienda\/wp-json\/wp\/v2\/product"}],"about":[{"href":"https:\/\/lunacoffee.cl\/tienda\/wp-json\/wp\/v2\/types\/product"}],"wp:featuredmedia":[{"embeddable":true,"href":"https:\/\/lunacoffee.cl\/tienda\/wp-json\/wp\/v2\/media\/680"}],"wp:attachment":[{"href":"https:\/\/lunacoffee.cl\/tienda\/wp-json\/wp\/v2\/media?parent=679"}],"wp:term":[{"taxonomy":"product_brand","embeddable":true,"href":"https:\/\/lunacoffee.cl\/tienda\/wp-json\/wp\/v2\/product_brand?post=679"},{"taxonomy":"product_cat","embeddable":true,"href":"https:\/\/lunacoffee.cl\/tienda\/wp-json\/wp\/v2\/product_cat?post=679"},{"taxonomy":"product_tag","embeddable":true,"href":"https:\/\/lunacoffee.cl\/tienda\/wp-json\/wp\/v2\/product_tag?post=679"}],"curies":[{"name":"wp","href":"https:\/\/api.w.org\/{rel}","templated":true}]}}